{"id":393,"date":"2018-10-18T11:11:28","date_gmt":"2018-10-18T09:11:28","guid":{"rendered":"http:\/\/meussia.fr\/?page_id=393"},"modified":"2018-10-18T11:33:13","modified_gmt":"2018-10-18T09:33:13","slug":"recensement","status":"publish","type":"page","link":"https:\/\/meussia.fr\/?page_id=393","title":{"rendered":"Recensement"},"content":{"rendered":"<h3>Le recensement \u00e0 16 ans, c\u2019est obligatoire\u00a0!<\/h3>\n<p>Le recensement \u00e0 16 ans doit avoir lieu dans les 3 mois qui suivent le 16\u00e8me anniversaire.<br \/>\nApr\u00e8s cette d\u00e9marche, le jeune obtient une attestation de recensement qui lui sera demand\u00e9e pour l&rsquo;inscription aux examens et aux concours publics tels que l&rsquo;examen du baccalaur\u00e9at ou du permis de conduire.<\/p>\n<p><strong>Proc\u00e9dure<\/strong><br \/>\nLes d\u00e9marches peuvent \u00eatre accomplies par le mineur ou l&rsquo;un de ses parents. Le recensement s&rsquo;effectue aupr\u00e8s de la mairie de son domicile.<\/p>\n<p><strong>Documents \u00e0 fournir<\/strong><br \/>\nLa personne doit fournir une pi\u00e8ce d&rsquo;identit\u00e9 et son livret de famille. Elle doit \u00e9galement joindre une d\u00e9claration dans laquelle elle indique :<\/p>\n<ul>\n<li>son nom, son pr\u00e9nom, sa date et son lieu de naissance ainsi que ceux de ses parents<\/li>\n<li>son adresse<\/li>\n<li>sa situation familiale, scolaire, universitaire ou professionnelle.<\/li>\n<\/ul>\n<p><strong>D\u00e9lai expir\u00e9<\/strong><br \/>\nSi le d\u00e9lai de 3 mois est d\u00e9pass\u00e9, le jeune peut toujours faire r\u00e9gulariser sa situation jusqu&rsquo;\u00e0 ses 25 ans en suivant les m\u00eames d\u00e9marches.<\/p>\n<h3><img decoding=\"async\" loading=\"lazy\" class=\"wp-image-411 size-large aligncenter\" src=\"http:\/\/meussia.fr\/wp-content\/uploads\/2018\/10\/Attestation_recensement_specimen-1024x724.jpg\" alt=\"\" width=\"900\" height=\"636\" srcset=\"https:\/\/meussia.fr\/wp-content\/uploads\/2018\/10\/Attestation_recensement_specimen-1024x724.jpg 1024w, https:\/\/meussia.fr\/wp-content\/uploads\/2018\/10\/Attestation_recensement_specimen-300x212.jpg 300w, https:\/\/meussia.fr\/wp-content\/uploads\/2018\/10\/Attestation_recensement_specimen-768x543.jpg 768w, https:\/\/meussia.fr\/wp-content\/uploads\/2018\/10\/Attestation_recensement_specimen-150x106.jpg 150w, https:\/\/meussia.fr\/wp-content\/uploads\/2018\/10\/Attestation_recensement_specimen.jpg 1169w\" sizes=\"(max-width: 900px) 100vw, 900px\" \/><\/h3>\n","protected":false},"excerpt":{"rendered":"<p>Le recensement \u00e0 16 ans, c\u2019est obligatoire\u00a0! Le recensement \u00e0 16 ans doit avoir lieu dans les 3 mois qui suivent le 16\u00e8me anniversaire. Apr\u00e8s cette d\u00e9marche, le jeune obtient une attestation de recensement qui lui sera demand\u00e9e pour l&rsquo;inscription aux examens et aux concours publics tels que l&rsquo;examen du\u2026<\/p>\n<p> <a class=\"continue-reading-link\" href=\"https:\/\/meussia.fr\/?page_id=393\"><span>Lire plus&#8230;<\/span><i class=\"crycon-right-dir\"><\/i><\/a><\/p>\n","protected":false},"author":1,"featured_media":0,"parent":0,"menu_order":0,"comment_status":"closed","ping_status":"closed","template":"","meta":[],"_links":{"self":[{"href":"https:\/\/meussia.fr\/index.php?rest_route=\/wp\/v2\/pages\/393"}],"collection":[{"href":"https:\/\/meussia.fr\/index.php?rest_route=\/wp\/v2\/pages"}],"about":[{"href":"https:\/\/meussia.fr\/index.php?rest_route=\/wp\/v2\/types\/page"}],"author":[{"embeddable":true,"href":"https:\/\/meussia.fr\/index.php?rest_route=\/wp\/v2\/users\/1"}],"replies":[{"embeddable":true,"href":"https:\/\/meussia.fr\/index.php?rest_route=%2Fwp%2Fv2%2Fcomments&post=393"}],"version-history":[{"count":4,"href":"https:\/\/meussia.fr\/index.php?rest_route=\/wp\/v2\/pages\/393\/revisions"}],"predecessor-version":[{"id":413,"href":"https:\/\/meussia.fr\/index.php?rest_route=\/wp\/v2\/pages\/393\/revisions\/413"}],"wp:attachment":[{"href":"https:\/\/meussia.fr\/index.php?rest_route=%2Fwp%2Fv2%2Fmedia&parent=393"}],"curies":[{"name":"wp","href":"https:\/\/api.w.org\/{rel}","templated":true}]}}