{"id":391,"date":"2018-10-18T11:11:04","date_gmt":"2018-10-18T09:11:04","guid":{"rendered":"http:\/\/meussia.fr\/?page_id=391"},"modified":"2023-05-16T16:42:23","modified_gmt":"2023-05-16T14:42:23","slug":"plan-local-durbanisme-plu","status":"publish","type":"page","link":"https:\/\/meussia.fr\/?page_id=391","title":{"rendered":"Plan Local d\u2019Urbanisme (PLU)"},"content":{"rendered":"\n<div class=\"wp-block-file\"><object class=\"wp-block-file__embed\" data=\"https:\/\/meussia.fr\/wp-content\/uploads\/2023\/05\/04_Reglement_PLU_Meussia.pdf\" type=\"application\/pdf\" style=\"width:100%;height:600px\" aria-label=\"04_Reglement_PLU_Meussia\"><\/object><a id=\"wp-block-file--media-7dc92eba-4f01-4f0e-aecd-0b71fae53515\" href=\"https:\/\/meussia.fr\/wp-content\/uploads\/2023\/05\/04_Reglement_PLU_Meussia.pdf\"> R\u00e8glement PLU Meussia\n<\/a><a href=\"https:\/\/meussia.fr\/wp-content\/uploads\/2023\/05\/04_Reglement_PLU_Meussia.pdf\" class=\"wp-block-file__button wp-element-button\" download aria-describedby=\"wp-block-file--media-7dc92eba-4f01-4f0e-aecd-0b71fae53515\">T\u00e9l\u00e9charger<\/a><\/div>\n\n\n<p><span style=\"font-family: Arial, serif;\">A Meussia, un Plan Local d\u2019Urbanisme (PLU) est en vigueur <\/span><span style=\"font-family: Arial, serif;\">depuis 2010. Pour le consulter, cliquer sur le lien :<\/span><\/p>\n<p style=\"text-align: left;\"><span style=\"font-family: Arial, serif;\"><a href=\"http:\/\/meussia.fr\/wp-content\/uploads\/2019\/01\/Zonage_general_MEUSSIA.pdf\">[ Plan de Zonage g\u00e9n\u00e9ral de MEUSSIA\u00a0 \u00e0 t\u00e9l\u00e9charger ]<\/a><\/span><\/p>\n<p>Un lotissement communal de 11 parcelles est en cours de r\u00e9alisation. Les photos ci-apr\u00e8s indiquent la zone constructible ainsi que le plan des parcelles.<br \/>Pour tout renseignement, contacter la mairie. T\u00e9l : 03 84 42 01 81 &#8211; mairiemeussia@wanadoo.fr<\/p>\n<p><span style=\"font-family: Arial, serif;\"><img decoding=\"async\" loading=\"lazy\" class=\"wp-image-415 size-large aligncenter\" src=\"http:\/\/meussia.fr\/wp-content\/uploads\/2018\/10\/DJI_0004-1024x692.jpg\" alt=\"\" width=\"900\" height=\"608\" srcset=\"https:\/\/meussia.fr\/wp-content\/uploads\/2018\/10\/DJI_0004.jpg 1024w, https:\/\/meussia.fr\/wp-content\/uploads\/2018\/10\/DJI_0004-300x203.jpg 300w, https:\/\/meussia.fr\/wp-content\/uploads\/2018\/10\/DJI_0004-768x519.jpg 768w, https:\/\/meussia.fr\/wp-content\/uploads\/2018\/10\/DJI_0004-150x101.jpg 150w\" sizes=\"(max-width: 900px) 100vw, 900px\" \/><\/span><\/p>\n<p><img decoding=\"async\" loading=\"lazy\" class=\"wp-image-434 size-full aligncenter\" src=\"http:\/\/meussia.fr\/wp-content\/uploads\/2018\/10\/P1210552.jpg\" alt=\"\" width=\"870\" height=\"1160\" srcset=\"https:\/\/meussia.fr\/wp-content\/uploads\/2018\/10\/P1210552.jpg 870w, https:\/\/meussia.fr\/wp-content\/uploads\/2018\/10\/P1210552-225x300.jpg 225w, https:\/\/meussia.fr\/wp-content\/uploads\/2018\/10\/P1210552-768x1024.jpg 768w, https:\/\/meussia.fr\/wp-content\/uploads\/2018\/10\/P1210552-113x150.jpg 113w\" sizes=\"(max-width: 870px) 100vw, 870px\" \/><\/p>\n\n\n\n","protected":false},"excerpt":{"rendered":"<p>R\u00e8glement PLU Meussia T\u00e9l\u00e9charger A Meussia, un Plan Local d\u2019Urbanisme (PLU) est en vigueur depuis 2010. Pour le consulter, cliquer sur le lien : [ Plan de Zonage g\u00e9n\u00e9ral de MEUSSIA\u00a0 \u00e0 t\u00e9l\u00e9charger ] Un lotissement communal de 11 parcelles est en cours de r\u00e9alisation. Les photos ci-apr\u00e8s indiquent la\u2026<\/p>\n<p> <a class=\"continue-reading-link\" href=\"https:\/\/meussia.fr\/?page_id=391\"><span>Lire plus&#8230;<\/span><i class=\"crycon-right-dir\"><\/i><\/a><\/p>\n","protected":false},"author":1,"featured_media":0,"parent":0,"menu_order":0,"comment_status":"closed","ping_status":"closed","template":"","meta":[],"_links":{"self":[{"href":"https:\/\/meussia.fr\/index.php?rest_route=\/wp\/v2\/pages\/391"}],"collection":[{"href":"https:\/\/meussia.fr\/index.php?rest_route=\/wp\/v2\/pages"}],"about":[{"href":"https:\/\/meussia.fr\/index.php?rest_route=\/wp\/v2\/types\/page"}],"author":[{"embeddable":true,"href":"https:\/\/meussia.fr\/index.php?rest_route=\/wp\/v2\/users\/1"}],"replies":[{"embeddable":true,"href":"https:\/\/meussia.fr\/index.php?rest_route=%2Fwp%2Fv2%2Fcomments&post=391"}],"version-history":[{"count":12,"href":"https:\/\/meussia.fr\/index.php?rest_route=\/wp\/v2\/pages\/391\/revisions"}],"predecessor-version":[{"id":2032,"href":"https:\/\/meussia.fr\/index.php?rest_route=\/wp\/v2\/pages\/391\/revisions\/2032"}],"wp:attachment":[{"href":"https:\/\/meussia.fr\/index.php?rest_route=%2Fwp%2Fv2%2Fmedia&parent=391"}],"curies":[{"name":"wp","href":"https:\/\/api.w.org\/{rel}","templated":true}]}}