{"id":185,"date":"2017-11-07T18:28:19","date_gmt":"2017-11-07T17:28:19","guid":{"rendered":"http:\/\/meussia.fr\/?page_id=185"},"modified":"2019-11-20T22:40:51","modified_gmt":"2019-11-20T21:40:51","slug":"le-sou-des-ecoles","status":"publish","type":"page","link":"https:\/\/meussia.fr\/?page_id=185","title":{"rendered":"Le sou des \u00e9coles en Sapey"},"content":{"rendered":"<p>Pr\u00e9sidente : Elisabeth Varela<br \/>\nCette association de parents d\u2019\u00e9l\u00e8ves organise des manifestations destin\u00e9es \u00e0 soutenir les \u00e9coles du RPI.<br \/>\nmail : soudesecolesensapey@gmail.com<\/p>\n<p>&nbsp;<\/p>\n<p><img decoding=\"async\" loading=\"lazy\" class=\"alignnone wp-image-888\" src=\"http:\/\/meussia.fr\/wp-content\/uploads\/2019\/11\/marche_noel-213x300.png\" alt=\"\" width=\"264\" height=\"372\" srcset=\"https:\/\/meussia.fr\/wp-content\/uploads\/2019\/11\/marche_noel-213x300.png 213w, https:\/\/meussia.fr\/wp-content\/uploads\/2019\/11\/marche_noel-106x150.png 106w, https:\/\/meussia.fr\/wp-content\/uploads\/2019\/11\/marche_noel.png 404w\" sizes=\"(max-width: 264px) 100vw, 264px\" \/><\/p>\n","protected":false},"excerpt":{"rendered":"<p>Pr\u00e9sidente : Elisabeth Varela Cette association de parents d\u2019\u00e9l\u00e8ves organise des manifestations destin\u00e9es \u00e0 soutenir les \u00e9coles du RPI. mail : soudesecolesensapey@gmail.com &nbsp;<\/p>\n<p> <a class=\"continue-reading-link\" href=\"https:\/\/meussia.fr\/?page_id=185\"><span>Lire plus&#8230;<\/span><i class=\"crycon-right-dir\"><\/i><\/a><\/p>\n","protected":false},"author":1,"featured_media":0,"parent":177,"menu_order":4,"comment_status":"closed","ping_status":"closed","template":"","meta":[],"_links":{"self":[{"href":"https:\/\/meussia.fr\/index.php?rest_route=\/wp\/v2\/pages\/185"}],"collection":[{"href":"https:\/\/meussia.fr\/index.php?rest_route=\/wp\/v2\/pages"}],"about":[{"href":"https:\/\/meussia.fr\/index.php?rest_route=\/wp\/v2\/types\/page"}],"author":[{"embeddable":true,"href":"https:\/\/meussia.fr\/index.php?rest_route=\/wp\/v2\/users\/1"}],"replies":[{"embeddable":true,"href":"https:\/\/meussia.fr\/index.php?rest_route=%2Fwp%2Fv2%2Fcomments&post=185"}],"version-history":[{"count":6,"href":"https:\/\/meussia.fr\/index.php?rest_route=\/wp\/v2\/pages\/185\/revisions"}],"predecessor-version":[{"id":900,"href":"https:\/\/meussia.fr\/index.php?rest_route=\/wp\/v2\/pages\/185\/revisions\/900"}],"up":[{"embeddable":true,"href":"https:\/\/meussia.fr\/index.php?rest_route=\/wp\/v2\/pages\/177"}],"wp:attachment":[{"href":"https:\/\/meussia.fr\/index.php?rest_route=%2Fwp%2Fv2%2Fmedia&parent=185"}],"curies":[{"name":"wp","href":"https:\/\/api.w.org\/{rel}","templated":true}]}}